the remainder when 7414579 is divided by 1059223.
18
Calculate the remainder when 302166 is divided by 60426.
36
What is the remainder when 29926179 is divided by 1301138?
5
What is the remainder when 16114944 is divided by 2302125?
69
Calculate the remainder when 362745810 is divided by 270.
0
What is the remainder when 2083024 is divided by 1204?
104
What is the remainder when 389882 is divided by 12118?
2106
Calculate the remainder when 29849953 is divided by 2042.
2039
Calculate the remainder when 1031246 is divided by 61.
41
What is the remainder when 39457767 is divided by 5?
2
What is the remainder when 577018 is divided by 15595?
3
What is the remainder when 3700404 is divided by 1850201?
2
What is the remainder when 15297441 is divided by 15297408?
33
What is the remainder when 23693641 is divided by 1242?
7
Calculate the remainder when 457191 is divided by 114296.
7
Calculate the remainder when 59373 is divided by 4445.
1588
What is the remainder when 315516 is divided by 63098?
26
What is the remainder when 369156 is divided by 369094?
62
Calculate the remainder when 207333 is divided by 444.
429
What is the remainder when 865318 is divided by 10?
8
Calculate the remainder when 142573 is divided by 1962.
1309
Calculate the remainder when 322000 is divided by 321984.
16
What is the remainder when 56937 is divided by 11383?
22
Calculate the remainder when 1532615 is divided by 26.
19
What is the remainder when 6554044 is divided by 11071?
12
Calculate the remainder when 64447 is divided by 2514.
1597
What is the remainder when 1676556 is divided by 242?
222
Calculate the remainder when 5534254 is divided by 109.
106
Calculate the remainder when 22579153 is divided by 1505276.
13
What is the remainder when 2248672 is divided by 321204?
244
Calculate the remainder when 1236665 is divided by 761.
40
What is the remainder when 972284 is divided by 486126?
32
Calculate the remainder when 1117750 is divided by 111424.
3510
What is the remainder when 520191 is divided by 53?
49
Calculate the remainder when 1931190 is divided by 12540.
30
Calculate the remainder when 3978800 is divided by 26.
20
What is the remainder when 9496217 is divided by 22?
5
Calculate the remainder when 3913217 is divided by 108700.
17
What is the remainder when 11836475 is divided by 3601?
3589
Calculate the remainder when 27372 is divided by 3693.
1521
Calculate the remainder when 1823098 is divided by 236.
234
What is the remainder when 77890 is divided by 1729?
85
Calculate the remainder when 2096287 is divided by 412.
31
Calculate the remainder when 63762844 is divided by 77.
68
What is the remainder when 11382818 is divided by 31?
21
Calculate the remainder when 324255 is divided by 203.
64
What is the remainder when 431683 is divided by 71944?
19
What is the remainder when 14131 is divided by 2016?
19
Calculate the remainder when 1248702 is divided by 3146.
2886
What is the remainder when 155271 is divided by 543?
516
Calculate the remainder when 3904460 is divided by 38279.
2
What is the remainder when 438364 is divided by 8595?
19
Calculate the remainder when 1111488 is divided by 927.
15
What is the remainder when 158242 is divided by 694?
10
What is the remainder when 20872054 is divided by 1357?
37
What is the remainder when 48898647 is divided by 373272?
15
What is the remainder when 327760223 is divided by 13?
11
Calculate the remainder when 84652334 is divided by 5020.
74
Calculate the remainder when 3541492 is divided by 141.
136
Calculate the remainder when 2507687 is divided by 650.
637
What is the remainder when 270763 is divided by 4503?
583
What is the remainder when 831288 is divided by 64?
56
Calculate the remainder when 157350 is divided by 156993.
357
Calculate the remainder when 192589 is divided by 708.
13
Calculate the remainder when 17672238 is divided by 4589.
4588
What is the remainder when 4498462 is divided by 812?
794
Calculate the remainder when 14403775 is divided by 36.
31
Calculate the remainder when 1420756 is divided by 157659.
1825
Calculate the remainder when 146838 is divided by 6990.
48
Calculate the remainder when 37066035 is divided by 7.
6
Calculate the remainder when 151241499 is divided by 6186.
6171
What is the remainder when 40967134 is divided by 405615?
19
Calculate the remainder when 3286873 is divided by 49801.
7
Calculate the remainder when 3775845 is divided by 407.
106
Calculate the remainder when 10486767 is divided by 10.
7
Calculate the remainder when 1184934 is divided by 51513.
135
What is the remainder when 232368 is divided by 2283?
1785
Calculate the remainder when 712123 is divided by 4316.
4299
What is the remainder when 168930 is divided by 115?
110
What is the remainder when 91463226 is divided by 1016258?
6
Calculate the remainder when 535345 is divided by 534710.
635
Calculate the remainder when 451451 is divided by 375.
326
Calculate the remainder when 481637 is divided by 240811.
15
Calculate the remainder when 4492196 is divided by 154903.
9
Calculate the remainder when 667569 is divided by 2326.
7
Calculate the remainder when 368595 is divided by 122738.
381
Calculate the remainder when 15778391 is divided by 74.
37
What is the remainder when 80026666 is divided by 398?
10
What is the remainder when 2422312 is divided by 134?
128
What is the remainder when 6274004 is divided by 1703?
152
Calculate the remainder when 3196 is divided by 928.
412
Calculate the remainder when 80559 is divided by 25582.
3813
What is the remainder when 50569 is divided by 8194?
1405
What is the remainder when 59009 is divided by 44?
5
What is the remainder when 372634 is divided by 372554?
80
What is the remainder when 608627 is divided by 4682?
4649
What is the remainder when 6539808 is divided by 16?
0
What is the remainder when 320706 is divided by 106899?
9
Calculate the remainder when 37871982 is divided by 2573.
2568
What is the remainder when 296866 is divided by 456?
10
Calculate the remainder when 120294756 is divided by 120294725.
31
Calculate the remainder when 53151 is divided by 3795.
21
What is the remainder when 1086115 is divided by 5272?
83
What is the remainder when 331564 is divided by 165498?
568
What is the remainder when 30462 is divided by 4603?
2844
What is the remainder when 6942092 is divided by 1388410?
42
Calculate the remainder when 406765 is divided by 81282.
355
Calculate the remainder when 2737368 is divided by 63653.
289
What is the remainder when 144174405 is divided by 118?
117
Calculate the remainder when 34260342 is divided by 7.
4
What is the remainder when 4801984 is divided by 6792?
40
Calculate the remainder when 105332336 is divided by 21.
11
What is the remainder when 3600604 is divided by 600093?
46
Calculate the remainder when 189546317 is divided by 6114397.
10
Calculate the remainder when 1450812 is divided by 161200.
12
Calculate the remainder when 3048033 is divided by 381004.
1
Calculate the remainder when 2220620 is divided by 11272.
36
Calculate the remainder when 13836040 is divided by 114.
88
What is the remainder when 490523 is divided by 490103?
420
Calculate the remainder when 376179 is divided by 5287.
802
Calculate the remainder when 2944754 is divided by 788.
786
Calculate the remainder when 40887 is divided by 5014.
775
Calculate the remainder when 35998378 is divided by 100.
78
Calculate the remainder when 32601266 is divided by 188.
186
Calculate the remainder when 171195 is divided by 97.
87
Calculate the remainder when 41728756 is divided by 117.
4
Calculate the remainder when 741618 is divided by 1130.
338
Calculate the remainder when 10814979 is divided by 600831.
21
Calculate the remainder when 661759 is divided by 277.
6
Calculate the remainder when 47959969 is divided by 2303.
2297
Calculate the remainder when 61557 is divided by 2656.
469
Calculate the remainder when 526837 is divided by 37630.
17
Calculate the remainder when 61663 is divided by 2458.
213
What is the remainder when 1218104 is divided by 52954?
162
What is the remainder when 1694843 is divided by 141236?
11
What is the remainder when 296060 is divided by 2716?
16
What is the remainder when 38582 is divided by 1580?
662
What is the remainder when 603683 is divided by 494?
15
W